alculate the highest common factor of 363 and o.
33
Suppose 0 = k - 4*l + 22, -4*k - 3*l - 52 = -7*l. Let o be 16/k*3600/(-32). What is the greatest common divisor of 45 and o?
45
Suppose 10 = 25*q - 190. Let f be 1870/15 + 4/(-6). Suppose -f = -5*i + o, -3*i - 5 = 4*o - 61. What is the greatest common factor of q and i?
8
Let n = -120 - -131. Suppose 2*g = 43 - n. Calculate the highest common factor of 32 and g.
16
Suppose 2*u - 2*n - 263 = 3*n, -2*u = 3*n - 223. What is the highest common divisor of 17 and u?
17
Let x(w) = -187*w**3 - 4*w**2 - 4*w. Let g be x(-1). Suppose -4*c = 19 - g. Let b = 10 + 4. What is the highest common factor of c and b?
14
Let x be ((-24)/32)/(0 - (-6)/(-32)). Let r(o) = -6*o. Let s be r(-4). Let n = s - x. Calculate the greatest common divisor of n and 140.
20
Suppose 14*v - 770 = 224. Let z = v - 51. What is the highest common factor of z and 20?
20
Suppose -l = -4*o + 1359, 2*o - 682 = -l - l. Suppose -5*z = -3*x - 627, -2*x = 5*z - 292 - o. Calculate the greatest common divisor of 14 and z.
14
Suppose 7*l + 330 = 2*l. Let n be -5 - l/14 - 44/(-7). What is the highest common divisor of n and 24?
6
Suppose -4 = -o - 2*q, o = 4*o - q - 12. Suppose 18 = 2*n + o*w + 6, 2*w = 3*n - 26. What is the highest common factor of 88 and n?
8
Let f be 1752/9 - 8/(-24). What is the highest common divisor of 26 and f?
13
Let z(g) = -2*g**2 - 38*g - 38. Let p be z(-16). Let q = p + -55. What is the greatest common divisor of q and 12?
3
Let p(u) = -7*u + 10. Let r be p(-3). Suppose 27*m - r*m = -48. Calculate the greatest common divisor of 3 and m.
3
Suppose -40*g + 70 = -35*g. Calculate the highest common factor of g and 28.
14
Suppose -10010 = -123*k + 97*k. What is the highest common factor of 315 and k?
35
Let h(b) = b**3 - 5*b**2 + 5*b + 3. Suppose -4*a - 1 = -17. Let l be h(a). Let r = 35 - l. What is the highest common factor of r and 70?
14
Let c(b) = b**2 - 44*b - 285. Let d be c(-7). What is the highest common factor of d and 198?
18
Let p(v) = v + 11. Let q be p(3). Suppose 6*l - 4*c = l + 169, -20 = -5*c. Let s = 33 + l. What is the highest common factor of s and q?
14
Suppose 0 = -3*v - 4*b + 29, -2*v + 0*b = 5*b - 31. Let o be -2 + (-6 - (-6)/v). Let m be (5 + o)/((-2)/10). Calculate the highest common divisor of m and 10.
5
Suppose 1 + 6 = 5*j + b, -j - 2*b + 5 = 0. Suppose -9 - j = -u. Calculate the highest common divisor of u and 110.
10
Let v(k) = -k**2 + 42*k - 71. Let r be v(2). Calculate the greatest common divisor of 123 and r.
3
Let a = -288 - -341. What is the greatest common divisor of 2173 and a?
53
Let d be 2/1*104/(-16). Let c(k) = k**3 + 12*k**2 - 15*k - 16. Let j be c(d). Calculate the greatest common factor of 70 and j.
10
Suppose -3*t = -4*y - 0*y + 81, -4*y = 5*t - 121. Calculate the greatest common factor of y and 66.
6
Suppose 8*z = 9*z - 2. Suppose s + o = 17, -3*s + 4*s = 4*o + 2. Calculate the greatest common factor of z and s.
2
Let t be ((-42)/12 - -6)/(1/78). Calculate the greatest common divisor of 65 and t.
65
Suppose -2*o = -2*v + v, 0 = 3*v + o - 14. Let x = 20 - v. What is the greatest common factor of x and 80?
16
Let j be (-3)/2*380/(-15). Calculate the greatest common divisor of j and 76.
38
Suppose -2*u = 4*h - 366, 13*u - 15*u + 276 = 3*h. Calculate the greatest common factor of h and 225.
45
Suppose 0 = 161*j - 138*j - 2898. Calculate the greatest common divisor of 162 and j.
18
Let c(p) = 6*p**2 + 10. Let d be c(-7). Suppose -6*h + d = -2*h. What is the highest common divisor of h and 190?
38
Let n be 9 - (1 + 2) - 0. Suppose 7*t = 8 + n. Suppose -t*f = -2 - 4. What is the highest common factor of f and 15?
3
Let k be (-2 - 1) + (-1 - -18). Let c(f) = -f**3 + 7*f**2 - 5*f. Let z be c(4). What is the highest common factor of k and z?
14
Suppose -3*o + 409 + 347 = 0. Suppose -2*d - d + o = 0. What is the greatest common factor of d and 12?
12
Suppose -2*d + 2*y = -16, -5*d + 40 = -18*y + 17*y. What is the greatest common divisor of 152 and d?
8
Let y be -6*(-6)/(-27)*12/(-4). Suppose -120 = -4*x - y*p, 3*x = -4*p - 0*p + 90. Let h = 800 + -560. What is the highest common factor of x and h?
30
Let r be (11 - 12)/(0 + -1) - -21. Calculate the highest common factor of r and 77.
11
Let o = 38 - 17. Suppose 5*g - 4*x = 194, -3*g + 130 = -x + 2*x. What is the greatest common divisor of g and o?
21
Suppose -3*p = 2*p - 800. Let t = -21 - -41. What is the highest common factor of t and p?
20
Let q = -29 + 74. Let a = q - 19. Calculate the highest common divisor of 286 and a.
26
Let b(d) = -2*d**3 + 6*d + 4. Let u be b(-4). Suppose 5 = -n - h, -4*n = -0*n - h + 35. Let k be (-18)/n*240/45. What is the highest common divisor of u and k?
12
Let m(k) = -10*k - 1. Let s be m(-4). Let i be -4 + (-2 - -3 - -3). Let a(v) = -2*v**2 + 13. Let g be a(i). Calculate the greatest common factor of s and g.
13
Let t = 26 + -4. Let u(o) = -o**2 - 18*o + 11. Let p be u(-19). Let n be (t/(-5))/(p/20). What is the greatest common factor of 11 and n?
11
Let u = -19 + 31. Let p = -16 - -20. What is the highest common divisor of u and p?
4
Let y be (0 - -1)*-1 + 73. Suppose 0 = 15*h - 17*h + y. Let f = -37 - -61. What is the highest common factor of h and f?
12
Suppose -l + 16 - 14 = 0. Let f be -28*(0 + l)/(-4). What is the highest common factor of 98 and f?
14
Suppose -6*h = -258 + 96. Calculate the greatest common divisor of h and 216.
27
Let q be ((-38)/4)/((-25)/750). Calculate the highest common divisor of q and 30.
15
Suppose k - 35 = -b, -4*k + 161 - 24 = 5*b. Suppose 0 = 4*j - c - 379, j = -25*c + 20*c + 100. What is the highest common divisor of j and k?
19
Let p = 131 - 116. Let z be 4/(-6) + 235/p. Calculate the greatest common divisor of 165 and z.
15
Let d be (-1035)/(-55) - (-8)/44. What is the greatest common factor of d and 95?
19
Let x be ((-532)/3 - 2)*-3. Suppose -7*d + 1616 = x. Let z be (-1 - -1) + (-28)/(-2). Calculate the greatest common factor of d and z.
14
Suppose 0 = -4*p + 3*p - 5*z + 26, -4*p + 209 = -z. What is the greatest common divisor of 6 and p?
3
Let z = 288 + -274. Calculate the greatest common divisor of 16 and z.
2
Suppose -5*w + 636 = -9*w. Let x be 2/28*-8 - w/21. Let m be 4/6 + (-1)/(-3). Calculate the greatest common factor of m and x.
1
Let p be (6 + 50/(-5))/((-4)/27). Let h = 10 + 35. Calculate the highest common divisor of p and h.
9
Let x(o) = -o - 83. Let k(w) = 3*w + 167. Let h(l) = -2*k(l) - 5*x(l). Let v be h(0). Suppose -6*m + m + 45 = 0. Calculate the highest common factor of m and v.
9
Let o(j) = 3*j - 19. Let f be o(8). Suppose 437 = f*u + 167. Calculate the greatest common divisor of 27 and u.
27
Let w = -779 - -799. Calculate the greatest common factor of 50 and w.
10
Let a(p) = 20*p**2 + 8. Let i be a(4). Let r = 33 - -114. Suppose -i = -5*g + r. What is the greatest common factor of g and 19?
19
Let g = 12 - 10. Suppose -g*p = 3*p. Suppose 0 = -3*s, p = -7*r + 2*r + 3*s + 280. What is the highest common divisor of r and 14?
14
Let m(v) be the first derivative of -v**4/4 - v**3/3 - v + 10. Let u be m(4). Let h = 113 + u. Calculate the greatest common factor of 96 and h.
32
Suppose -5*p = -8*p. Suppose -4 = -n + h, -5*h = -3*n - p*n + 16. Suppose -4*i = 8, 0*d + n*d - 14 = -2*i. Calculate the highest common divisor of d and 27.
9
Suppose -4 = 3*q - 58. Let l(b) = 16*b - 6. Let w be -4 - 1*(-2 - 8). Let g be l(w). Calculate the highest common factor of g and q.
18
Let g(i) = 229*i. Let u be g(2). Suppose -r + 224 = x, r + 3*x = 87 + 137. Let b = u - r. What is the highest common factor of b and 26?
26
Suppose 6*i = 5*q - 1136, -5*i + 643 + 73 = 3*q. What is the greatest common divisor of q and 24?
8
Suppose 15*q - 9*q - 576 = 0. Suppose d = 5*p - 156, 4*p - 5*d - 45 = 63. Calculate the highest common divisor of q and p.
32
Suppose -2*d = 2*g - 8, -2*g - 7 = -2*d - 27. Suppose -3*y + 0*q = 2*q - 2, 4*y = 2*q + 12. Calculate the greatest common divisor of y and g.
1
Suppose v - 8 = -3*v. Suppose -v*z = 2, -3*z - 2 + 7 = b. Let t(h) = -36*h + 144. Let w be t(2). Calculate the highest common factor of b and w.
8
Let i(a) be the second derivative of -a**3/6 + 26*a**2 - 16*a. Let b be i(13). Calculate the greatest common factor of b and 26.
13
Let l be